 divided by i.
5
Let p(z) = 2*z + 4. Let k(s) = -8*s + 2. Let t be k(-2). Let i = t - 12. Calculate the remainder when p(i) is divided by 9.
7
Suppose -6*o + 5 + 19 = 0. What is the remainder when o is divided by 4?
0
Suppose -4*b + 50 = 3*a, a + b - 10 = 3*b. Suppose 3 = -5*l + 5*c + 118, -5*c + 45 = 3*l. What is the remainder when a is divided by 24/l*40/6?
6
Let u = 36 + -26. Let g(m) = m**3 - 11*m**2 + 12*m - 3. What is the remainder when (-1 - -32) + 2/1 is divided by g(u)?
16
Let j = -152 + 272. Let b = j + -64. Calculate the remainder when b is divided by 19.
18
Suppose -3*h + 36 = -69. Suppose -16*j - 144 = -1808. Calculate the remainder when j is divided by h.
34
Let g = -9 - -15. Let j = g - 3. What is the remainder when j/(27/24)*9 is divided by 13?
11
Let p(r) = -r**3 - 9*r**2 + 3*r. Let b be p(-9). Let j = b + 40. What is the remainder when 41 + -3 - 1/1 is divided by j?
11
Let l = 84 - 66. Calculate the remainder when 32 is divided by l.
14
Let x = -5 - -14. What is the remainder when 3/(-6) - (-70)/4 is divided by x?
8
Let o be 469/7 - 2*-1. Suppose -4*q + 265 = v - o, 0 = -2*q + 5*v + 178. Suppose -4*c = -80 - q. Calculate the remainder when c is divided by 21.
20
Suppose 0 = 3*w + 2*w. Suppose -4*o + 0*o + 16 = w. What is the remainder when 15 is divided by o?
3
Calculate the remainder when 50 is divided by (20 - -3) + (-2 - -5).
24
Suppose -6 = -3*l - 0. Suppose z - s + 19 = 63, -85 = -l*z + s. Calculate the remainder when z is divided by 21.
20
Suppose -6 = y + 2. Let p = 21 + y. What is the remainder when 35 is divided by p?
9
Suppose 0 = -3*g - 200 + 2. Let n = -38 - g. Suppose -2*m - 10 = -3*m. Calculate the remainder when n is divided by m.
8
Let r = 23 - 16. Calculate the remainder when r is divided by 5.
2
Calculate the remainder when (-36)/27*3*-10 is divided by 15.
10
Let n = -5 - -13. Let g = -4 + n. Suppose 5*v = g*w - 18 + 104, -4 = -4*w. Calculate the remainder when v is divided by 10.
8
Let x be 2/6 + 88/6. Let b = 2 + x. What is the remainder when 66 is divided by b?
15
Suppose -4*y = -9*y + 25. Suppose -y*c = -42 + 7. Suppose -2*b + 2*m + 29 = 3, 0 = b + 4*m - 8. What is the remainder when b is divided by c?
5
Let i(a) = -2*a**2 + 16*a + 18. Calculate the remainder when 123 is divided by i(8).
15
Let w(b) = -14*b - 2. Let d(v) = -13*v - 1. Let r(g) = -6*d(g) + 5*w(g). What is the remainder when 79 is divided by r(3)?
19
Suppose 0 = -4*t - 3*y - 159, 3*t + y = -90 - 23. Let q = t - -61. Suppose 20 = 5*m, -4*g = 3*m - m - 60. Calculate the remainder when q is divided by g.
12
Let b = -14 - -40. Let f = -48 + 62. Calculate the remainder when b is divided by f.
12
Suppose 5*s = 2*s + 84. Calculate the remainder when 110 is divided by s.
26
Suppose 4*g = 0, 4*g = -2*i + 1 - 5. Let a = i - -10. Calculate the remainder when 23 is divided by a.
7
Let s(d) = -2*d + 6. Let m be s(5). Let i = 6 + m. What is the remainder when (-4)/6*135/(-18) is divided by i?
1
What is the remainder when 42 is divided by (-392)/(-18) + (-12)/(-54)?
20
Let r(b) = b**3 - 2*b**2 + b + 54. Calculate the remainder when r(0) is divided by 28.
26
Let b = 47 - -12. Calculate the remainder when b is divided by 16.
11
Let z(u) = -u**2 + 11*u - 6. Suppose 42 - 13 = 2*g + 5*o, 3*o - 30 = -3*g. What is the remainder when z(9) is divided by g?
5
Let u = -33 - -37. Calculate the remainder when 13 is divided by u.
1
Suppose 2*v = 31 - 5. What is the remainder when v is divided by 10?
3
Let o be (-4)/(-6) + 70/(-6). Let h = -7 - o. Suppose 0 = b + 2*b - 2*m - 35, -5*m = 5. Calculate the remainder when b is divided by h.
3
Suppose 16 = -4*a + 72. Let n = 0 + a. What is the remainder when 53 is divided by n?
11
Let t(w) = 11 + 2*w + 4*w - 2*w - 3*w. What is the remainder when 29 is divided by t(-5)?
5
Let g = -29 - -48. Suppose -29 = -3*x + 2*x. Calculate the remainder when x is divided by g/2 - (-1)/2.
9
Suppose -8*y + 7*y + 17 = 0. Suppose 3*l = 2*l + y. What is the remainder when 31 is divided by l?
14
Let b = 109 - 55. What is the remainder when b is divided by 19?
16
Let o = -109 - -154. Calculate the remainder when o is divided by 23.
22
Let n(l) = -l**3 + 11*l**2 - 9*l - 8. Let v be n(10). Suppose -v*b - b = -144. What is the remainder when b is divided by 17?
14
Suppose -2 = -4*v + 2*v, 101 = 5*h + v. Suppose 2*k + 2*y - 176 = -2*y, -3*y = -3*k + 228. Calculate the remainder when h is divided by (-6)/14 + k/7.
9
Let o = 5 + -2. Suppose 0 = o*x - 21 - 0. Suppose -59 = -5*f + 6. What is the remainder when f is divided by x?
6
Suppose -5*w + 15 = -b, -4*b = 4*w - 48 - 12. Suppose 0 = -3*k + 112 + 5. What is the remainder when k is divided by b?
9
Let f(w) = 0*w + 7*w**2 + 6 - 5 + 0*w. Suppose 7 = 2*p + 3. Calculate the remainder when f(p) is divided by 10.
9
Calculate the remainder when 56/5 + (-4)/(-30)*6 is divided by 6.
0
Suppose -12*s + 48 + 12 = 0. What is the remainder when 57 is divided by s?
2
Let q(y) = 10*y - 5. Let c be q(8). Suppose 4*l + c - 255 = 0. Let x = l - 16. Calculate the remainder when x is divided by 10.
9
Suppose -3*a + 35 = 4*z, z - 2*a + 10 = 2*z. Let l = z - 4. What is the remainder when 7 is divided by l?
3
Let s = -86 + 179. What is the remainder when s is divided by 19?
17
Suppose -5*z - r - r + 759 = 0, 0 = -4*z + 2*r + 618. Suppose 4*i - 5*n = 70 + 64, -n + z = 5*i. Calculate the remainder when i is divided by 8.
7
Suppose 0 = 4*q - 2*w - 24, 2*q - 4 = -5*w + 8. Let p(g) = -g**3 + 7*g**2 - 6*g + 3. Calculate the remainder when 11 is divided by p(q).
2
Suppose 17 = -4*x - 2*z - 3*z, -2*x - 4*z - 16 = 0. Suppose -f = -3*f - 3*k + 128, -132 = -x*f - 4*k. What is the remainder when f is divided by 20?
18
Suppose 0 = b - 3*b + 92. Suppose l = -3*q + 6*q + 21, -4*l - 2*q = -42. What is the remainder when b is divided by l?
10
Let j(u) = 3*u**2 - u. Let z be j(1). Suppose -z*h - 105 = -261. What is the remainder when h is divided by 20?
18
Let q = 14 - 8. What is the remainder when 17 is divided by q?
5
Let y(z) = -z + 1. Let v(s) = -3*s + 2. Let g = 26 + -36. Let u(j) = g*y(j) + 4*v(j). What is the remainder when u(-3) is divided by 2?
0
Let r(s) = -14*s + 4. Let c(l) = 5*l - 1. Let q(z) = 11*c(z) + 4*r(z). Calculate the remainder when -1 + 24 + 0 + 2 is divided by q(-4).
7
Suppose 5*o - o + 36 = -4*b, -5*b + 25 = 0. Calculate the remainder when 43 is divided by 1 - -2 - (o + 2).
13
Let m be (0 + -1)/((-2)/6). Suppose m*k - 5*j = 103, -5*j + 27 = 2*k - 50. Suppose -2*p + 5*p - k = 0. Calculate the remainder when 23 is divided by p.
11
What is the remainder when 31 is divided by (9 - -1) + (-1)/(-1)?
9
Suppose 4*f - 15 = -3. Let i(s) = 10*s - s**f - 2 - 10*s. Calculate the remainder when 11 is divided by i(-2).
5
Let f = 2 - -4. What is the remainder when (14/6)/((-4)/(-36)) is divided by f?
3
Calculate the remainder when 29 is divided by 24/56 + (-106)/(-14).
5
Let q be (0 - 1)/1 + 2. Let t(g) = -9*g + q - 18*g + 1. What is the remainder when t(-2) is divided by 19?
18
Let s(j) = j**2 - j + 2. Calculate the remainder when 127 is divided by s(6).
31
Let x be (1 + 21)*3/(-6). Let r(s) = -s. What is the remainder when 43 is divided by r(x)?
10
Let m = 38 + -3. Suppose 0 - 10 = -2*t. Suppose 11*j - 75 = -5*f + 6*j, -4*f + t*j + 33 = 0. Calculate the remainder when m is divided by f.
11
Let x(m) = -m**3 + 19*m**2 - 45*m - 14. Let z(r) = -r**3 - 3*r**2 - 3*r. What is the remainder when x(16) is divided by z(-3)?
7
Suppose -2*m - 2*m + 20 = 0. What is the remainder when 1/(-2)*(-320)/m is divided by 17?
15
Suppose -5*a = -0*a + 130. Suppose -4*g + 56 = -8*g. Let o = g - a. Calculate the remainder when 22 is divided by o.
10
Calculate the remainder when 60/4*(-48)/(-15) is divided by 17.
14
Suppose -4*s - 4*d = -104, -56 = -2*s - 5*d - 7. What is the remainder when s is divided by 6?
3
Let j be (-2)/(-5) + 510/(-25). Let o = j - -29. Calculate the remainder when 15 is divided by o.
6
Let i = -43 - -46. Calculate the remainder when 14 is divided by i.
2
Suppose -2*i - 5*s = -42, 2*s = -3*i + 81 - 18. Suppose o - 12 = j, 2*o + 4*j - 25 = -7. What is the remainder when i is divided by o?
10
Let l = 14 - -28. Let c(v) = v**2 - 1. Calculate the remainder when l is divided by c(4).
12
Let j be 184/(-12) - 2/3. Let x = -8 - j. What is 